{"id":109,"date":"2020-04-16T07:53:40","date_gmt":"2020-04-16T07:53:40","guid":{"rendered":"https:\/\/demos.kadencewp.com\/food\/?page_id=109"},"modified":"2024-12-03T10:10:43","modified_gmt":"2024-12-03T10:10:43","slug":"o-stronie","status":"publish","type":"page","link":"https:\/\/www.kuchnia.panaszew.pl\/index.php\/o-stronie\/","title":{"rendered":"O mnie"},"content":{"rendered":"<style>.kb-row-layout-id109_76c441-64 > .kt-row-column-wrap{align-content:center;}:where(.kb-row-layout-id109_76c441-64 > .kt-row-column-wrap) > .wp-block-kadence-column{justify-content:center;}.kb-row-layout-id109_76c441-64 > .kt-row-column-wrap{column-gap:var(--global-kb-gap-lg, 4rem);row-gap:var(--global-kb-gap-md, 2rem);padding-top:0px;padding-bottom:0px;grid-template-columns:repeat(2, minmax(0, 1fr));}.kb-row-layout-id109_76c441-64 > .kt-row-layout-overlay{opacity:0.30;}@media all and (max-width: 1024px){.kb-row-layout-id109_76c441-64 > .kt-row-column-wrap{grid-template-columns:repeat(2, minmax(0, 1fr));}}@media all and (max-width: 767px){.kb-row-layout-id109_76c441-64 > .kt-row-column-wrap{grid-template-columns:minmax(0, 1fr);}}<\/style><div class=\"kb-row-layout-wrap kb-row-layout-id109_76c441-64 alignnone wp-block-kadence-rowlayout\"><div class=\"kt-row-column-wrap kt-has-2-columns kt-row-layout-equal kt-tab-layout-inherit kt-mobile-layout-row kt-row-valign-middle\">\n<style>.kadence-column109_beae81-32 > .kt-inside-inner-col,.kadence-column109_beae81-32 > .kt-inside-inner-col:before{border-top-left-radius:0px;border-top-right-radius:0px;border-bottom-right-radius:0px;border-bottom-left-radius:0px;}.kadence-column109_beae81-32 > .kt-inside-inner-col{column-gap:var(--global-kb-gap-sm, 1rem);}.kadence-column109_beae81-32 > .kt-inside-inner-col{flex-direction:column;}.kadence-column109_beae81-32 > .kt-inside-inner-col > .aligncenter{width:100%;}.kadence-column109_beae81-32 > .kt-inside-inner-col:before{opacity:0.3;}.kadence-column109_beae81-32{position:relative;}@media all and (max-width: 1024px){.kadence-column109_beae81-32 > .kt-inside-inner-col{flex-direction:column;}}@media all and (max-width: 767px){.kadence-column109_beae81-32 > .kt-inside-inner-col{flex-direction:column;}}<\/style>\n<div class=\"wp-block-kadence-column kadence-column109_beae81-32 inner-column-1\"><div class=\"kt-inside-inner-col\">\n<figure class=\"wp-block-image size-large\"><img loading=\"lazy\" decoding=\"async\" width=\"1016\" height=\"1024\" src=\"https:\/\/www.kuchnia.panaszew.pl\/wp-content\/uploads\/2024\/12\/foto-1016x1024.jpg\" alt=\"\" class=\"wp-image-259\" srcset=\"https:\/\/www.kuchnia.panaszew.pl\/wp-content\/uploads\/2024\/12\/foto-1016x1024.jpg 1016w, https:\/\/www.kuchnia.panaszew.pl\/wp-content\/uploads\/2024\/12\/foto-298x300.jpg 298w, https:\/\/www.kuchnia.panaszew.pl\/wp-content\/uploads\/2024\/12\/foto-150x150.jpg 150w, https:\/\/www.kuchnia.panaszew.pl\/wp-content\/uploads\/2024\/12\/foto-768x774.jpg 768w, https:\/\/www.kuchnia.panaszew.pl\/wp-content\/uploads\/2024\/12\/foto-1525x1536.jpg 1525w, https:\/\/www.kuchnia.panaszew.pl\/wp-content\/uploads\/2024\/12\/foto-750x756.jpg 750w, https:\/\/www.kuchnia.panaszew.pl\/wp-content\/uploads\/2024\/12\/foto.jpg 2000w\" sizes=\"auto, (max-width: 1016px) 100vw, 1016px\" \/><\/figure>\n<\/div><\/div>\n\n\n<style>.kadence-column109_a967a8-d6 > .kt-inside-inner-col,.kadence-column109_a967a8-d6 > .kt-inside-inner-col:before{border-top-left-radius:0px;border-top-right-radius:0px;border-bottom-right-radius:0px;border-bottom-left-radius:0px;}.kadence-column109_a967a8-d6 > .kt-inside-inner-col{column-gap:var(--global-kb-gap-sm, 1rem);}.kadence-column109_a967a8-d6 > .kt-inside-inner-col{flex-direction:column;}.kadence-column109_a967a8-d6 > .kt-inside-inner-col > .aligncenter{width:100%;}.kadence-column109_a967a8-d6 > .kt-inside-inner-col:before{opacity:0.3;}.kadence-column109_a967a8-d6{position:relative;}@media all and (max-width: 1024px){.kadence-column109_a967a8-d6 > .kt-inside-inner-col{flex-direction:column;}}@media all and (max-width: 767px){.kadence-column109_a967a8-d6 > .kt-inside-inner-col{flex-direction:column;}}<\/style>\n<div class=\"wp-block-kadence-column kadence-column109_a967a8-d6\"><div class=\"kt-inside-inner-col\">\n<h2 class=\"wp-block-heading\">Witaj na moim blogu!<\/h2>\n\n\n<style>.wp-block-kadence-advancedheading.kt-adv-heading109_d71543-94, .wp-block-kadence-advancedheading.kt-adv-heading109_d71543-94[data-kb-block=\"kb-adv-heading109_d71543-94\"]{display:block;text-align:center;font-style:normal;}.wp-block-kadence-advancedheading.kt-adv-heading109_d71543-94 mark.kt-highlight, .wp-block-kadence-advancedheading.kt-adv-heading109_d71543-94[data-kb-block=\"kb-adv-heading109_d71543-94\"] mark.kt-highlight{font-style:normal;color:#f76a0c;-webkit-box-decoration-break:clone;box-decoration-break:clone;padding-top:0px;padding-right:0px;padding-bottom:0px;padding-left:0px;}<\/style>\n<span class=\"kt-adv-heading109_d71543-94 wp-block-kadence-advancedheading\" data-kb-block=\"kb-adv-heading109_d71543-94\"><strong><em>Mam na imi\u0119 Dominika,<\/em><\/strong> urodzi\u0142am si\u0119 w 1990 roku i od zawsze pasjonuj\u0119 si\u0119 gotowaniem oraz odkrywaniem nowych smak\u00f3w. Kuchnia to dla mnie nie tylko miejsce, gdzie powstaj\u0105 potrawy, ale przestrze\u0144, w kt\u00f3rej buduje si\u0119 wspomnienia, umacnia wi\u0119zi, wyra\u017ca kreatywno\u015b\u0107 i dzieli rado\u015b\u0107 z innymi.<br>Uwielbiam inspirowa\u0107 i by\u0107 inspirowan\u0105 \u2013 cz\u0119sto czerpi\u0119 pomys\u0142y z tradycyjnych przepis\u00f3w, kt\u00f3re lubi\u0119 modyfikowa\u0107, tworz\u0105c co\u015b zupe\u0142nie nowego. Dzi\u0119ki wyczuciu smaku staram si\u0119 wydobywa\u0107 maksimum z prostych sk\u0142adnik\u00f3w i pokazywa\u0107, \u017ce nawet najbardziej klasyczne przepisy mog\u0105 nabra\u0107 zupe\u0142nie nowego wyrazu.<\/span>\n<\/div><\/div>\n\n<\/div><\/div>\n\n\n<p><\/p>\n\n\n<style>.wp-block-kadence-advancedheading.kt-adv-heading109_e10b03-dd, .wp-block-kadence-advancedheading.kt-adv-heading109_e10b03-dd[data-kb-block=\"kb-adv-heading109_e10b03-dd\"]{display:block;text-align:center;font-style:normal;}.wp-block-kadence-advancedheading.kt-adv-heading109_e10b03-dd mark.kt-highlight, .wp-block-kadence-advancedheading.kt-adv-heading109_e10b03-dd[data-kb-block=\"kb-adv-heading109_e10b03-dd\"] mark.kt-highlight{font-style:normal;color:#f76a0c;-webkit-box-decoration-break:clone;box-decoration-break:clone;padding-top:0px;padding-right:0px;padding-bottom:0px;padding-left:0px;}<\/style>\n<span class=\"kt-adv-heading109_e10b03-dd wp-block-kadence-advancedheading\" data-kb-block=\"kb-adv-heading109_e10b03-dd\">M\u00f3j blog to po\u0142\u0105czenie pasji do gotowania z ch\u0119ci\u0105 dzielenia si\u0119 wiedz\u0105 i pomys\u0142ami. Traktuj\u0119 go jak ksi\u0105\u017ck\u0119 kucharsk\u0105 w nowoczesnej formie \u2013 znajdziesz tu przepisy dla pocz\u0105tkuj\u0105cych, jak i inspiracje dla tych, kt\u00f3rzy chc\u0105 eksperymentowa\u0107 w kuchni. To miejsce, gdzie ka\u017cdy, niezale\u017cnie od poziomu kulinarnych umiej\u0119tno\u015bci, znajdzie co\u015b dla siebie.<br><br><\/span>\n\n\n\n<p class=\"has-text-align-center\">Mam nadziej\u0119, \u017ce moje przepisy i historie stan\u0105 si\u0119 dla Ciebie inspiracj\u0105 do poszukiwania nowych smak\u00f3w i tworzenia w\u0142asnych kulinarnych przyg\u00f3d.<br><br>Ciesz\u0119 si\u0119, \u017ce jeste\u015b tutaj. Zosta\u0144 na d\u0142u\u017cej i daj si\u0119 porwa\u0107 magii gotowania!<\/p>\n","protected":false},"excerpt":{"rendered":"<p>Witaj na moim blogu! Mam na imi\u0119 Dominika, urodzi\u0142am si\u0119 w 1990 roku i od zawsze pasjonuj\u0119 si\u0119 gotowaniem oraz odkrywaniem nowych smak\u00f3w. Kuchnia to dla mnie nie tylko miejsce, gdzie powstaj\u0105 potrawy, ale przestrze\u0144, w kt\u00f3rej buduje si\u0119 wspomnienia, umacnia wi\u0119zi, wyra\u017ca kreatywno\u015b\u0107 i dzieli rado\u015b\u0107 z innymi.Uwielbiam inspirowa\u0107 i by\u0107 inspirowan\u0105 \u2013 cz\u0119sto&#8230;<\/p>\n","protected":false},"author":1,"featured_media":0,"parent":0,"menu_order":0,"comment_status":"closed","ping_status":"closed","template":"","meta":{"_kad_post_transparent":"","_kad_post_title":"","_kad_post_layout":"","_kad_post_sidebar_id":"","_kad_post_content_style":"","_kad_post_vertical_padding":"","_kad_post_feature":"","_kad_post_feature_position":"","_kad_post_header":false,"_kad_post_footer":false,"footnotes":""},"class_list":["post-109","page","type-page","status-publish","hentry"],"_links":{"self":[{"href":"https:\/\/www.kuchnia.panaszew.pl\/index.php\/wp-json\/wp\/v2\/pages\/109","targetHints":{"allow":["GET"]}}],"collection":[{"href":"https:\/\/www.kuchnia.panaszew.pl\/index.php\/wp-json\/wp\/v2\/pages"}],"about":[{"href":"https:\/\/www.kuchnia.panaszew.pl\/index.php\/wp-json\/wp\/v2\/types\/page"}],"author":[{"embeddable":true,"href":"https:\/\/www.kuchnia.panaszew.pl\/index.php\/wp-json\/wp\/v2\/users\/1"}],"replies":[{"embeddable":true,"href":"https:\/\/www.kuchnia.panaszew.pl\/index.php\/wp-json\/wp\/v2\/comments?post=109"}],"version-history":[{"count":9,"href":"https:\/\/www.kuchnia.panaszew.pl\/index.php\/wp-json\/wp\/v2\/pages\/109\/revisions"}],"predecessor-version":[{"id":277,"href":"https:\/\/www.kuchnia.panaszew.pl\/index.php\/wp-json\/wp\/v2\/pages\/109\/revisions\/277"}],"wp:attachment":[{"href":"https:\/\/www.kuchnia.panaszew.pl\/index.php\/wp-json\/wp\/v2\/media?parent=109"}],"curies":[{"name":"wp","href":"https:\/\/api.w.org\/{rel}","templated":true}]}}